e the greatest common factor of 42 and b.
42
Suppose 0 = 2*s - f - 325, -5*f = 3*s - 4*f - 500. Calculate the highest common divisor of s and 33.
33
Let q = -986 - -1498. What is the highest common divisor of q and 16?
16
Suppose -5*m = -345 + 90. Let t = -368 + 402. Calculate the greatest common divisor of m and t.
17
Suppose 0 = -2*f + 14. Let g(u) = -12*u + 97. Let a be g(4). What is the highest common factor of a and f?
7
Let x(j) = -96*j**3 + 2*j**2 + 4*j + 2. Let n be x(-1). What is the greatest common divisor of 24 and n?
24
Let g be (-94)/4 - 5/(-10). Let k = -18 - g. Suppose -38 - 7 = -k*i. What is the highest common factor of i and 9?
9
Suppose -238 = -65*t + 22. Let r be 1/(0 + -1)*-4. Calculate the greatest common factor of t and r.
4
Suppose 8*h - 2*q = 3*h + 174, -2*h + 58 = 5*q. Suppose -2*d - 3*t + 6*t = -h, t = -5*d + 51. What is the greatest common factor of 11 and d?
11
Let g(p) = 2*p**2 - 3*p + 1250. Let a be g(0). Calculate the highest common divisor of a and 20.
10
Let w = -287 + 359. Suppose -14 = -3*n + 40. What is the highest common divisor of w and n?
18
Suppose -4*j + 70 + 86 = 0. What is the highest common factor of j and 91?
13
Suppose 0 = -3*q - 2*q - 545. Let k = q + 199. What is the highest common divisor of k and 10?
10
Suppose 6*q + 288 = 18*q. Calculate the greatest common divisor of 64 and q.
8
Let p(i) = i**3 + 22*i**2 + 13*i - 15. Suppose -33 = -5*v - 138. Let k be p(v). Calculate the greatest common factor of 17 and k.
17
Let f be (-36)/81 + (201/27 - 1). What is the highest common factor of 242 and f?
2
Let n = -12 - -21. Let y be 27531/342 + (-2)/(-4). What is the highest common divisor of y and n?
9
Let k be (1 + 7/3)/((-32)/(-240)). What is the greatest common factor of k and 125?
25
Let m be (13 + (-13 - -6))/(5/115). Calculate the greatest common divisor of m and 12.
6
Let q(u) = u**2 + 6*u + 5. Let n be q(-6). Suppose -76 - 76 = -2*z. Suppose i + z = n*i. What is the highest common factor of i and 95?
19
Let n(j) = -35*j - 5. Let f be n(-3). Let w be (-55 - -1)*f/(-30). What is the highest common factor of 20 and w?
20
Suppose 7*y - 2*y = -2*x + 17, -7 = -x - 4*y. Suppose 11*i - 6*i = 110. Calculate the highest common factor of x and i.
11
Suppose 18*w = 19*w - 5. Let d(j) = 4*j - 14. Let h be d(w). What is the highest common divisor of h and 18?
6
Suppose -3*j + 2*o + 226 = 0, j - 534*o + 530*o - 62 = 0. Calculate the highest common factor of j and 24.
6
Let j = 28 + 8. Calculate the highest common factor of 12 and j.
12
Suppose 3*k = -7*q + 6457, -622 = -4*k - 3*q + 7981. What is the highest common divisor of k and 86?
86
Suppose -r - t = -89, 5*r - 430 = -6*t + 4*t. Suppose 0 = 4*x - x - r. What is the greatest common divisor of x and 42?
14
Suppose n + 5*i + 7 = 0, 4*i + 37 = 3*n + 1. Suppose 2 + 3 = -x. Let l(j) = j**2 - 8*j - 17. Let y be l(x). Calculate the highest common factor of n and y.
8
Suppose j - 4*m - 76 = 0, 2*j - 209 = 2*m - 81. Let v(i) = 4*i. Let p be v(6). Calculate the highest common divisor of j and p.
12
Let b be (0 + -70)*66/(-77). Suppose b = r + r. What is the greatest common factor of r and 20?
10
Let l(d) = d + 11. Let f be l(-7). Let a = 11 - f. What is the highest common factor of 56 and a?
7
Suppose -p + 0*w - 8 = -4*w, -p - 2*w + 10 = 0. Let q = 21 - p. Suppose -22*g + 27*g = 255. Calculate the highest common factor of g and q.
17
Let q be 4 + (-9)/((-18)/(-8)). Let c be (2 + q)/(2/(-108)*-2). What is the highest common factor of 135 and c?
27
Let k be (153 - (7 + -3)) + 1. What is the highest common divisor of 54 and k?
6
Let a be (-1)/3 + 1710/27. Let v = a - 50. What is the greatest common factor of v and 13?
13
Let q = 661 - 585. Calculate the highest common divisor of 16 and q.
4
Let p be (-24)/(-16)*((-128)/(-12))/2. What is the greatest common factor of 656 and p?
8
Let f(w) = -w**3 + w**2 - w + 28. Let z be f(0). Let v(b) = -2*b**3 + 16*b**2 - 19*b + 1. Let m be v(5). What is the highest common factor of z and m?
28
Let f = -57 - -75. Calculate the highest common factor of 24 and f.
6
Suppose -4*r - 3*o = -9, 10*r - 5*o = 7*r + 43. What is the greatest common factor of r and 282?
6
Let k be 30/4*(-48)/(-9). Suppose -8*j - 25*j + 119 = -46. Calculate the highest common factor of k and j.
5
Suppose -4*c - 328 = -4*h, 2*h - 4*c = -3*h + 414. Calculate the highest common factor of h and 2.
2
Let s be (-8 - -11) + 28*1 - 0. What is the greatest common factor of 155 and s?
31
Let t = 1339 - 1280. Calculate the highest common factor of t and 2.
1
Let m be (1 - 0)*(0 - -5). Let s be (m/5)/((-2)/(-8)). What is the highest common divisor of 2 and s?
2
Let x(y) = y**2 - 8*y - 7. Let n be x(9). Suppose -1 = -3*u + p, n*u - 3*u + 4*p = 18. Calculate the highest common factor of u and 22.
2
Suppose -i = 4*o - 71, -3*o - 378 = -5*i - 0*o. Suppose 3*b - 3*j = 153 + i, 3*b - 5*j - 220 = 0. Calculate the highest common factor of 16 and b.
16
Let j = 709 - 559. What is the highest common factor of 525 and j?
75
Suppose 4*x = -0*x + 8. Suppose x*f = -3*f - 100. Let l = f + 38. What is the greatest common factor of 162 and l?
18
Let q be 38/(-76) - (-1)/((-2)/(-417)). Calculate the highest common factor of q and 16.
16
Suppose 20*g = 7*g - 9724. Let f be g/(-51)*27/2. Calculate the highest common divisor of 22 and f.
22
Suppose -4*m + 1400 = 2*f - 0*f, -2*m - 3*f + 700 = 0. Suppose m = 5*b - 50. Calculate the highest common divisor of 20 and b.
20
Suppose -183 = -4*u + 33. Calculate the greatest common factor of 36 and u.
18
Let c = 126 - 126. Suppose c*a - 2*a + 792 = 0. Calculate the highest common divisor of a and 36.
36
Suppose -3*w = -4*u - w + 92, 0 = -3*w + 12. Suppose 4*q = 4*h + 380, 340 + 145 = 5*q - 3*h. What is the highest common divisor of u and q?
25
Let h = 116 + -100. Calculate the highest common divisor of h and 224.
16
Let h(z) = -z**3 + 29*z**2 + 26*z + 123. Let n be h(30). Suppose -o = -5*o + 8. Calculate the greatest common factor of n and o.
1
Let b = -539 - -542. What is the greatest common divisor of 285 and b?
3
Let n(b) = 13*b + 14. Let j be n(1). What is the greatest common factor of 63 and j?
9
Let n = 151 + -106. Calculate the greatest common factor of 225 and n.
45
Let m = 99 + -53. Suppose 5*z = -3*n + 34, 4*n - n - m = -2*z. Calculate the highest common divisor of n and 45.
9
Let x = 157 - 126. Let m be (-2596)/(-12) - 3/9*-2. What is the greatest common divisor of x and m?
31
Suppose 2*p = 4*r + 16, 4*p = -r + 4*r + 42. Let m = p - 5. What is the greatest common factor of 49 and m?
7
Suppose 2608 = 179*b - 972. Let i be ((-1 + 1)/3)/(-1). Suppose 4*q - 7 - 9 = i. Calculate the greatest common factor of b and q.
4
Suppose 11*m - 9*m + 5*p = 55, -83 = -4*m - p. Calculate the greatest common factor of 10 and m.
10
Suppose 110 = -3*z + 25*z. Calculate the highest common divisor of 85 and z.
5
Suppose 4*t = 107 - 3. Suppose -2*a - 3*l = -248, 2*l - 75 = -a + 47. Calculate the greatest common divisor of a and t.
26
Let k = 223 + -218. Calculate the highest common factor of k and 3.
1
Let o(r) = r**3 + 5*r**2 + 5. Suppose 3*d - 3 = -f + 2, -2*d = f - 5. Suppose a - f = 2*a. Let k be o(a). Calculate the greatest common divisor of 15 and k.
5
Suppose -17*m + 1415 + 149 = 0. What is the highest common factor of m and 4?
4
Let x be 2/(-4) + (-5080)/(-80). Calculate the greatest common factor of x and 84.
21
Let s be ((-544)/20)/((-4)/10). What is the highest common factor of 4 and s?
4
Let t be 0 + -3 - (-7 - 1). Suppose 9*j - 196 = -t*j. Calculate the highest common divisor of j and 7.
7
Suppose -54 = -w + x, 1 + 7 = 4*x. What is the greatest common factor of w and 84?
28
Let o(b) = -b**2 + 11*b + 19. Let h be o(13). Let r be h/(-1) + (-9)/3. Let j be 1 + 29 + (-1 - 1). What is the greatest common factor of j and r?
4
Suppose -4*i + 8*i - 32 = -5*k, i + 5*k - 8 = 0. What is the highest common factor of 14 and i?
2
Let h = -32 - -64. Suppose -30*g + h*g - 770 = 0. Calculate the highest common factor of g and 35.
35
Let i(f) = 4*f**3 - f**2 + 19*f - 36. Let p be i(3). Calculate the highest common factor of p and 96.
24
Let g = -1741 - -2272. What is the highest common divisor of g and 45?
9
Let g(s) = 2*s**3 - 3*s**2 - 4*s - 5. Let j be g(5). Calculate 